 p(1).
2, 3, 5
Suppose 2*j = 57 - 21. List the prime factors of j.
2, 3
Let w = 11 - -36. List the prime factors of w.
47
Let i = 488 + -324. What are the prime factors of i?
2, 41
Let o(a) be the third derivative of a**5/60 + a**4/4 - a**3/3 + 3*a**2. Let l be o(-8). Let v = 30 - l. What are the prime factors of v?
2
Let l(y) = -7*y + y**2 - 1 - 4 + 13*y. List the prime factors of l(3).
2, 11
Let h be 2/(-8) - 33/(-4). Let y = h - 4. Suppose -2*b - b + y*o + 13 = 0, -o + 5 = 2*b. List the prime factors of b.
3
Suppose -5*b - 9 = -54. List the prime factors of b.
3
Suppose a - 4 = -0*a. Suppose -3*n + 92 = 3*v + 20, -3*n = a*v - 96. Suppose 3*i = i + v. List the prime factors of i.
2, 3
Suppose -4*j - a = j - 1233, 4*j - 990 = -2*a. List the prime factors of j.
2, 3, 41
Let v(l) = -l**2 + l + 20. Suppose h = -3*h. Let g be v(h). Suppose -2*k = -6*k + g. What are the prime factors of k?
5
Let h be (-1 - -2)*5 - -1. Suppose 2*r + h*y - 2*y - 26 = 0, 0 = 5*r + 3*y - 44. What are the prime factors of r?
7
Let t = 9 - 5. Let g = 1 - 1. Let v = t - g. List the prime factors of v.
2
Let l be 66/10 + 6/15. Suppose -4*m = -l*m. Suppose -2*s + m = -6. What are the prime factors of s?
3
Suppose 3*n + 12 = 3*g, 5*n + 0*n = g. Suppose g*i = 2*i + 210. Suppose -r + i = 4*r. List the prime factors of r.
2, 7
Let t = 25 - 19. List the prime factors of t.
2, 3
Suppose 3*z = 460 - 1864. What are the prime factors of ((-3)/4)/(13/z)?
3
Suppose -5*n = -11 - 14. Suppose 0 = -r + n*q - 2, 0 = -r - q + 6 - 2. What are the prime factors of 1/(0 - r/(-18))?
2, 3
Let o(b) = -b**2 - 7*b + 5. Let a be o(-8). Let v be (-16)/a + 3/(-9). Suppose 18 = v*x - k, -x - 4*k - 21 = -4*x. What are the prime factors of x?
3
Let i(t) = 2*t**2 + 10*t + 2. Let j be -2 - (-5 + 1) - 9. What are the prime factors of i(j)?
2, 3, 5
Suppose 7*f - 673 + 78 = 0. What are the prime factors of f?
5, 17
Suppose -551 = -7*n + 723. List the prime factors of n.
2, 7, 13
Let c(p) = p**3 + 7*p**2 + 8*p - 5. Let b be c(-6). Let s = b + 45. Suppose 4*l - s = 4*o, 3*l - 4*o - 1 = 18. What are the prime factors of l?
3
Let r = 14 + 0. List the prime factors of r.
2, 7
Let a(x) = -x + 2. Let l be a(0). Let z = 15 + -11. Suppose -14 = l*s - z*r, -2*s = -7*s + 5*r - 10. List the prime factors of s.
3
Let m = -16 + 21. Let u = m + -3. List the prime factors of u.
2
Let u(w) = w**3 - 9*w**2 + 9*w + 2. Let x be 66/8 + 3/(-12). List the prime factors of u(x).
2, 5
Suppose 3*b = 9, 5*q - 26 = -2*b - 0*b. Suppose 5*u = -g + 199, -5*u - q*g + 78 = -118. List the prime factors of u.
2, 5
Let m be ((-45)/(-5))/((-3)/2). What are the prime factors of 14*1*m/(-4)?
3, 7
Let l = 23 - 9. Suppose 19 = g - 2. Suppose -3*k + l = m, 2*m - g = -0*m + k. List the prime factors of m.
11
Let j = 26 + -28. Let q be -14 - (0 + (-2 - 0)). What are the prime factors of j/q + (-445)/(-30)?
3, 5
Let b = -18 + 31. Suppose 37 - b = 4*i. What are the prime factors of i?
2, 3
Let b = -10 - 1. Suppose -2*c = t - 6*t - 153, -c + 4 = 0. Let k = b - t. What are the prime factors of k?
2, 3
Suppose s + 3*s = 8. Let x = 1 + s. Suppose -x*p + 15 = -2*p. What are the prime factors of p?
3, 5
List the prime factors of ((-237)/6)/(3/(-6)).
79
Suppose -7*p + 3*p + 140 = -4*n, 2*n = -2. What are the prime factors of p?
2, 17
Let j(t) = -4*t - 23. Let k(c) = -5*c - 24. Let w(z) = -6*j(z) + 5*k(z). Let y be w(8). Let b = 32 - y. List the prime factors of b.
2, 11
Suppose 5*w + 687 = k + 3*k, 5*k - 828 = -4*w. What are the prime factors of k?
2, 3, 7
Suppose 16*h = -253 + 1165. List the prime factors of h.
3, 19
Let v = -5 - -7. Suppose 0*y = v*y - 96. Suppose -y - 24 = -4*t. List the prime factors of t.
2, 3
Let y(v) = 41*v**2 - 2. List the prime factors of y(1).
3, 13
List the prime factors of (-1*6)/(-3) - -5.
7
Let n = 65 - 15. List the prime factors of n.
2, 5
Let v(u) = u**3 + 11*u**2 - 14*u - 14. List the prime factors of v(-12).
2, 5
Let y = -578 + 860. List the prime factors of y.
2, 3, 47
Let r(i) = i - 4. Suppose -3*a - 4*b = -18, -3*a + 18 = -2*b + b. What are the prime factors of r(a)?
2
What are the prime factors of ((-1)/1 - -2)*89/1?
89
Let y be (-15)/2*12/(-10). Let m = -13 + y. List the prime factors of m/(-10) + (-36)/(-10).
2
Let r be 10*(0 + (-4)/(-2)). Suppose -3*b + r = -b. What are the prime factors of b?
2, 5
Let x(c) = -3*c - 3. Let f be x(6). List the prime factors of 2/((-69)/f + -3).
7
Let y be (2 - -6) + 12/(-4). List the prime factors of y/15*3*4.
2
Let c(a) = -a**2 + 6*a + 1. Let m be c(4). Suppose -p - m = -4*p. What are the prime factors of p?
3
Let z = 33 + -28. List the prime factors of z.
5
Suppose -4*w - 1 + 205 = 0. What are the prime factors of w?
3, 17
Let l(q) be the first derivative of -q**4/4 - q**3 - q**2 + q + 2. List the prime factors of l(-3).
7
Let f = -9 + 11. What are the prime factors of 0/(f - -1) + 28?
2, 7
Let f(n) = -n**2 + 5*n + 2. Let o be f(4). Let b = 32 - o. List the prime factors of b.
2, 13
Let x = 95 + -59. What are the prime factors of x?
2, 3
Let b be ((-18)/(-4))/(3/4). Let n(y) = -2*y + 0 + b*y**2 - 5*y**2 + 1. List the prime factors of n(-2).
3
Suppose 4*v + 488 = 1480. What are the prime factors of v?
2, 31
List the prime factors of (-4 - 1)*-31*1.
5, 31
Suppose 0 = 2*r - 17 - 17. Let b = 0 + r. What are the prime factors of b?
17
Suppose 4 = -4*d, 0*d = 5*z - 2*d - 42. Suppose -3*v + 7*v = -z. What are the prime factors of (-22)/(-3) - v/3?
2
Suppose 2*s - 2*w - 14 = 0, w + 21 = 5*s - 6. Let n be 14/4 + 2/4. List the prime factors of -40*((-8)/s)/n.
2
Let b be (-46)/(-3)*6/4. Suppose 5*a - b = 17. List the prime factors of a.
2
Suppose -2*j - 6*t = -8*t - 8, -2*j + 3*t = -11. Let v(k) = 33*k**2 + k. List the prime factors of v(j).
2, 17
Let r be 0/((-6)/3 + 3). Suppose b + 0 + 2 = r, -6 = -o - 4*b. What are the prime factors of o?
2, 7
Let t = 27 - -26. What are the prime factors of t?
53
Let d be (1/(-2))/((-3)/66). Suppose 30 = 5*h - 5*r, 5*h - 15 = 4*r + d. List the prime factors of h.
2
Let p(b) = -4*b. Let f(s) = -s - 2. Let z be f(-1). Let i be p(z). Suppose -i*g = -0*g - 60. What are the prime factors of g?
3, 5
Suppose 5*x + 5*f = 35, -5*x + f + 2*f = -11. Suppose -11 + 59 = x*i. List the prime factors of i.
2, 3
Suppose 0 = i - 5*i + 20. List the prime factors of i.
5
Let c(d) be the third derivative of 7*d**6/120 + 6*d**2. Let q be 1/(-4) - 25/(-20). What are the prime factors of c(q)?
7
Let z = -8 + 12. Suppose -z*r + 16 = -0. Suppose -s - r*u + 11 = 0, 5*u = 4*s - 51 + 7. List the prime factors of s.
11
What are the prime factors of 60 + -1 + (-3 + 3)/(-5)?
59
Suppose 5*h - 15 = -0*h. Suppose 0 = -3*y + h + 6. Suppose -y*s = -l - 5 - 6, 5*l + 11 = 4*s. List the prime factors of s.
2
Let l = -11 + 22. Let o = 49 + l. Suppose -3*j - o = -7*j. List the prime factors of j.
3, 5
Let w = -14 - -17. Suppose n + w*z = 21, 2*n - 6*n + 169 = -5*z. List the prime factors of n.
2, 3
Let s(w) = -w**3 + 4*w**2 - 4*w + 3. Let u be s(3). Suppose u*b + 4*b = 156. Suppose 2*d - b = -d. What are the prime factors of d?
13
Suppose -4*g + 4*p = 28, 5*g = 4*g + 3*p - 13. Let v = -4 - g. What are the prime factors of v/3 + -1 + 6?
5
Suppose 2*c = -8, -4*r = 2*c + 3*c + 8. What are the prime factors of r?
3
Let p = -5 - -7. Suppose 0 = p*b - 5*b + 15. Suppose b*u = 2*u + 12. What are the prime factors of u?
2
Let r(v) be the second derivative of 0*v**3 - v**2 + 0 - 2*v + 1/6*v**4. List the prime factors of r(2).
2, 3
What are the prime factors of 65 + (4/1)/4?
2, 3, 11
Suppose n - 50 = -3*q, -2*n = 3*n - 3*q - 178. List the prime factors of n.
2, 19
Suppose f + 15 = 3*r - 21, -3*r + 21 = 4*f. List the prime factors of r.
11
Let d(t) = 2*t - 1. Let j(u) = -2*u - 6. Let q be j(-5). List the prime factors of d(q).
7
Let r(s) = s**3 + 4*s**2 + 2 - 7*s**2 + 4 + 4*s - 6*s**2. List the prime factors of r(9).
2, 3, 7
Let b be 2 - (1*-9)/3. Suppose -2*r - u + 10 = 0, -5 + 3 = -3*r + b*u. Let g = 2 + r. List the prime factors of g.
2, 3
Suppose -3 = 2*p + 4*j + 3, -3*j = -5*p + 50. Let z = p - 6. List the prime factors of z/((-2)/6) + 15.
2, 3
Let a = -9 - 1. Let m = 9 - a. List the prime factors of m.
19
Suppose 5*n + 7 = 3*u, 0*u = -5*n + u + 1. List the prime factors of (-2)/n + 0 - -21.
19
Suppose